{"id":94,"date":"2012-10-24T08:54:05","date_gmt":"2012-10-24T08:54:05","guid":{"rendered":"http:\/\/letspilates.es\/nueva\/?page_id=94"},"modified":"2024-06-06T11:58:53","modified_gmt":"2024-06-06T11:58:53","slug":"pilates-para-ninos","status":"publish","type":"page","link":"https:\/\/letspilates.es\/eus\/metodo-pilates\/pilates-para-ninos\/","title":{"rendered":"Pilates para Ni\u00f1os"},"content":{"rendered":"<div data-elementor-type=\"wp-page\" data-elementor-id=\"94\" class=\"elementor elementor-94\" data-elementor-post-type=\"page\">\n\t\t\t\t<div class=\"elementor-element elementor-element-033f5bd e-flex e-con-boxed e-con e-parent\" data-id=\"033f5bd\" data-element_type=\"container\" data-e-type=\"container\">\n\t\t\t\t\t<div class=\"e-con-inner\">\n\t\t\t\t<div class=\"elementor-element elementor-element-0b03785 elementor-widget elementor-widget-heading\" data-id=\"0b03785\" data-element_type=\"widget\" data-e-type=\"widget\" data-widget_type=\"heading.default\">\n\t\t\t\t<div class=\"elementor-widget-container\">\n\t\t\t\t\t<h2 class=\"elementor-heading-title elementor-size-default\">Pilates para Ni\u00f1os\n<\/h2>\t\t\t\t<\/div>\n\t\t\t\t<\/div>\n\t\t\t\t\t<\/div>\n\t\t\t\t<\/div>\n\t\t<div class=\"elementor-element elementor-element-648ec573 e-flex e-con-boxed e-con e-parent\" data-id=\"648ec573\" data-element_type=\"container\" data-e-type=\"container\">\n\t\t\t\t\t<div class=\"e-con-inner\">\n\t\t\t\t<div class=\"elementor-element elementor-element-45ffdd29 elementor-widget elementor-widget-text-editor\" data-id=\"45ffdd29\" data-element_type=\"widget\" data-e-type=\"widget\" data-widget_type=\"text-editor.default\">\n\t\t\t\t<div class=\"elementor-widget-container\">\n\t\t\t\t\t\t\t\t\tLos ni\u00f1os son el gran reto del m\u00e9todo Pilates. Si les ense\u00f1amos desde peque\u00f1os a ejercitar el cuerpo protegi\u00e9ndolo y les educamos en <strong>una buena higiene postural<\/strong> les libraremos de la mayor\u00eda de las dolencias de los adultos, que son en un alto porcentaje debidos a malas posturas.\r\n\r\nSi desde peque\u00f1os le ense\u00f1amos <strong>la importancia de la respiraci\u00f3n<\/strong> , a tomar conciencia corporal a la hora de mover el cuerpo y a articular secuencialmente la columna vertebral os aseguro que les haremos much\u00edsimo mas felices ya que les proporcionaremos una vida sana <strong>y sin lesiones posturales.<\/strong>\t\t\t\t\t\t\t\t<\/div>\n\t\t\t\t<\/div>\n\t\t\t\t\t<\/div>\n\t\t\t\t<\/div>\n\t\t\t\t<\/div>","protected":false},"excerpt":{"rendered":"<p>Pilates para Ni\u00f1os Los ni\u00f1os son el gran reto del m\u00e9todo Pilates. Si les ense\u00f1amos desde peque\u00f1os a ejercitar el cuerpo protegi\u00e9ndolo y les educamos en una buena higiene postural les libraremos de la mayor\u00eda de las dolencias de los adultos, que son en un alto porcentaje debidos a malas posturas. Si desde peque\u00f1os le [&hellip;]<\/p>\n","protected":false},"author":1040,"featured_media":0,"parent":45,"menu_order":0,"comment_status":"closed","ping_status":"closed","template":"","meta":{"footnotes":""},"class_list":["post-94","page","type-page","status-publish","hentry"],"yoast_head":"<!-- This site is optimized with the Yoast SEO plugin v27.4 - https:\/\/yoast.com\/product\/yoast-seo-wordpress\/ -->\n<title>Pilates para Ni\u00f1os - Let&#039;s Pilates Getxo - Lets Pilates Bilbao<\/title>\n<meta name=\"robots\" content=\"index, follow, max-snippet:-1, max-image-preview:large, max-video-preview:-1\" \/>\n<link rel=\"canonical\" href=\"https:\/\/letspilates.es\/eus\/metodo-pilates\/pilates-para-ninos\/\" \/>\n<meta property=\"og:locale\" content=\"en_US\" \/>\n<meta property=\"og:type\" content=\"article\" \/>\n<meta property=\"og:title\" content=\"Pilates para Ni\u00f1os - Let&#039;s Pilates Getxo - Lets Pilates Bilbao\" \/>\n<meta property=\"og:description\" content=\"Pilates para Ni\u00f1os Los ni\u00f1os son el gran reto del m\u00e9todo Pilates. Si les ense\u00f1amos desde peque\u00f1os a ejercitar el cuerpo protegi\u00e9ndolo y les educamos en una buena higiene postural les libraremos de la mayor\u00eda de las dolencias de los adultos, que son en un alto porcentaje debidos a malas posturas. Si desde peque\u00f1os le [&hellip;]\" \/>\n<meta property=\"og:url\" content=\"https:\/\/letspilates.es\/eus\/metodo-pilates\/pilates-para-ninos\/\" \/>\n<meta property=\"og:site_name\" content=\"Let&#039;s Pilates Getxo - Lets Pilates Bilbao\" \/>\n<meta property=\"article:modified_time\" content=\"2024-06-06T11:58:53+00:00\" \/>\n<meta name=\"twitter:card\" content=\"summary_large_image\" \/>\n<meta name=\"twitter:label1\" content=\"Est. reading time\" \/>\n\t<meta name=\"twitter:data1\" content=\"1 minutua\" \/>\n<script type=\"application\/ld+json\" class=\"yoast-schema-graph\">{\"@context\":\"https:\\\/\\\/schema.org\",\"@graph\":[{\"@type\":\"WebPage\",\"@id\":\"https:\\\/\\\/letspilates.es\\\/metodo-pilates\\\/pilates-para-ninos\\\/\",\"url\":\"https:\\\/\\\/letspilates.es\\\/metodo-pilates\\\/pilates-para-ninos\\\/\",\"name\":\"Pilates para Ni\u00f1os - Let&#039;s Pilates Getxo - Lets Pilates Bilbao\",\"isPartOf\":{\"@id\":\"https:\\\/\\\/letspilates.es\\\/#website\"},\"datePublished\":\"2012-10-24T08:54:05+00:00\",\"dateModified\":\"2024-06-06T11:58:53+00:00\",\"breadcrumb\":{\"@id\":\"https:\\\/\\\/letspilates.es\\\/metodo-pilates\\\/pilates-para-ninos\\\/#breadcrumb\"},\"inLanguage\":\"eu\",\"potentialAction\":[{\"@type\":\"ReadAction\",\"target\":[\"https:\\\/\\\/letspilates.es\\\/metodo-pilates\\\/pilates-para-ninos\\\/\"]}]},{\"@type\":\"BreadcrumbList\",\"@id\":\"https:\\\/\\\/letspilates.es\\\/metodo-pilates\\\/pilates-para-ninos\\\/#breadcrumb\",\"itemListElement\":[{\"@type\":\"ListItem\",\"position\":1,\"name\":\"Portada\",\"item\":\"https:\\\/\\\/letspilates.es\\\/\"},{\"@type\":\"ListItem\",\"position\":2,\"name\":\"Metodo Pilates\",\"item\":\"https:\\\/\\\/letspilates.es\\\/metodo-pilates\\\/\"},{\"@type\":\"ListItem\",\"position\":3,\"name\":\"Pilates para Ni\u00f1os\"}]},{\"@type\":\"WebSite\",\"@id\":\"https:\\\/\\\/letspilates.es\\\/#website\",\"url\":\"https:\\\/\\\/letspilates.es\\\/\",\"name\":\"Let&#039;s Pilates Getxo - Lets Pilates Bilbao\",\"description\":\"El aut\u00e9ntico m\u00e9todo pilates\",\"potentialAction\":[{\"@type\":\"SearchAction\",\"target\":{\"@type\":\"EntryPoint\",\"urlTemplate\":\"https:\\\/\\\/letspilates.es\\\/?s={search_term_string}\"},\"query-input\":{\"@type\":\"PropertyValueSpecification\",\"valueRequired\":true,\"valueName\":\"search_term_string\"}}],\"inLanguage\":\"eu\"}]}<\/script>\n<!-- \/ Yoast SEO plugin. -->","yoast_head_json":{"title":"Pilates para Ni\u00f1os - Let&#039;s Pilates Getxo - Lets Pilates Bilbao","robots":{"index":"index","follow":"follow","max-snippet":"max-snippet:-1","max-image-preview":"max-image-preview:large","max-video-preview":"max-video-preview:-1"},"canonical":"https:\/\/letspilates.es\/eus\/metodo-pilates\/pilates-para-ninos\/","og_locale":"en_US","og_type":"article","og_title":"Pilates para Ni\u00f1os - Let&#039;s Pilates Getxo - Lets Pilates Bilbao","og_description":"Pilates para Ni\u00f1os Los ni\u00f1os son el gran reto del m\u00e9todo Pilates. Si les ense\u00f1amos desde peque\u00f1os a ejercitar el cuerpo protegi\u00e9ndolo y les educamos en una buena higiene postural les libraremos de la mayor\u00eda de las dolencias de los adultos, que son en un alto porcentaje debidos a malas posturas. Si desde peque\u00f1os le [&hellip;]","og_url":"https:\/\/letspilates.es\/eus\/metodo-pilates\/pilates-para-ninos\/","og_site_name":"Let&#039;s Pilates Getxo - Lets Pilates Bilbao","article_modified_time":"2024-06-06T11:58:53+00:00","twitter_card":"summary_large_image","twitter_misc":{"Est. reading time":"1 minutua"},"schema":{"@context":"https:\/\/schema.org","@graph":[{"@type":"WebPage","@id":"https:\/\/letspilates.es\/metodo-pilates\/pilates-para-ninos\/","url":"https:\/\/letspilates.es\/metodo-pilates\/pilates-para-ninos\/","name":"Pilates para Ni\u00f1os - Let&#039;s Pilates Getxo - Lets Pilates Bilbao","isPartOf":{"@id":"https:\/\/letspilates.es\/#website"},"datePublished":"2012-10-24T08:54:05+00:00","dateModified":"2024-06-06T11:58:53+00:00","breadcrumb":{"@id":"https:\/\/letspilates.es\/metodo-pilates\/pilates-para-ninos\/#breadcrumb"},"inLanguage":"eu","potentialAction":[{"@type":"ReadAction","target":["https:\/\/letspilates.es\/metodo-pilates\/pilates-para-ninos\/"]}]},{"@type":"BreadcrumbList","@id":"https:\/\/letspilates.es\/metodo-pilates\/pilates-para-ninos\/#breadcrumb","itemListElement":[{"@type":"ListItem","position":1,"name":"Portada","item":"https:\/\/letspilates.es\/"},{"@type":"ListItem","position":2,"name":"Metodo Pilates","item":"https:\/\/letspilates.es\/metodo-pilates\/"},{"@type":"ListItem","position":3,"name":"Pilates para Ni\u00f1os"}]},{"@type":"WebSite","@id":"https:\/\/letspilates.es\/#website","url":"https:\/\/letspilates.es\/","name":"Let&#039;s Pilates Getxo - Lets Pilates Bilbao","description":"El aut\u00e9ntico m\u00e9todo pilates","potentialAction":[{"@type":"SearchAction","target":{"@type":"EntryPoint","urlTemplate":"https:\/\/letspilates.es\/?s={search_term_string}"},"query-input":{"@type":"PropertyValueSpecification","valueRequired":true,"valueName":"search_term_string"}}],"inLanguage":"eu"}]}},"_links":{"self":[{"href":"https:\/\/letspilates.es\/eus\/wp-json\/wp\/v2\/pages\/94","targetHints":{"allow":["GET"]}}],"collection":[{"href":"https:\/\/letspilates.es\/eus\/wp-json\/wp\/v2\/pages"}],"about":[{"href":"https:\/\/letspilates.es\/eus\/wp-json\/wp\/v2\/types\/page"}],"author":[{"embeddable":true,"href":"https:\/\/letspilates.es\/eus\/wp-json\/wp\/v2\/users\/1040"}],"replies":[{"embeddable":true,"href":"https:\/\/letspilates.es\/eus\/wp-json\/wp\/v2\/comments?post=94"}],"version-history":[{"count":8,"href":"https:\/\/letspilates.es\/eus\/wp-json\/wp\/v2\/pages\/94\/revisions"}],"predecessor-version":[{"id":130433,"href":"https:\/\/letspilates.es\/eus\/wp-json\/wp\/v2\/pages\/94\/revisions\/130433"}],"up":[{"embeddable":true,"href":"https:\/\/letspilates.es\/eus\/wp-json\/wp\/v2\/pages\/45"}],"wp:attachment":[{"href":"https:\/\/letspilates.es\/eus\/wp-json\/wp\/v2\/media?parent=94"}],"curies":[{"name":"wp","href":"https:\/\/api.w.org\/{rel}","templated":true}]}}