{"id":127053,"date":"2022-12-23T09:36:52","date_gmt":"2022-12-23T09:36:52","guid":{"rendered":"https:\/\/letspilates.es\/?page_id=127053"},"modified":"2024-06-06T15:31:10","modified_gmt":"2024-06-06T15:31:10","slug":"entradas","status":"publish","type":"page","link":"https:\/\/letspilates.es\/eus\/entradas\/","title":{"rendered":"Entradas"},"content":{"rendered":"<div data-elementor-type=\"wp-page\" data-elementor-id=\"127053\" class=\"elementor elementor-127053\" data-elementor-post-type=\"page\">\n\t\t\t\t<div class=\"elementor-element elementor-element-a5f63fa e-flex e-con-boxed e-con e-parent\" data-id=\"a5f63fa\" data-element_type=\"container\" data-e-type=\"container\">\n\t\t\t\t\t<div class=\"e-con-inner\">\n\t\t\t\t<div class=\"elementor-element elementor-element-b90dd68 elementor-widget__width-initial elementor-widget elementor-widget-heading\" data-id=\"b90dd68\" data-element_type=\"widget\" data-e-type=\"widget\" data-widget_type=\"heading.default\">\n\t\t\t\t<div class=\"elementor-widget-container\">\n\t\t\t\t\t<h2 class=\"elementor-heading-title elementor-size-default\">Albisteak<\/h2>\t\t\t\t<\/div>\n\t\t\t\t<\/div>\n\t\t\t\t\t<\/div>\n\t\t\t\t<\/div>\n\t\t<div class=\"elementor-element elementor-element-1e42d00 e-flex e-con-boxed e-con e-parent\" data-id=\"1e42d00\" data-element_type=\"container\" data-e-type=\"container\">\n\t\t\t\t\t<div class=\"e-con-inner\">\n\t\t\t\t<div class=\"elementor-element elementor-element-33fcea3 elementor-grid-1 elementor-posts--thumbnail-left elementor-grid-tablet-1 elementor-grid-mobile-1 elementor-widget elementor-widget-posts\" data-id=\"33fcea3\" data-element_type=\"widget\" data-e-type=\"widget\" data-settings=\"{&quot;classic_columns&quot;:&quot;1&quot;,&quot;pagination_type&quot;:&quot;numbers&quot;,&quot;classic_columns_tablet&quot;:&quot;1&quot;,&quot;classic_columns_mobile&quot;:&quot;1&quot;,&quot;classic_row_gap&quot;:{&quot;unit&quot;:&quot;px&quot;,&quot;size&quot;:35,&quot;sizes&quot;:[]},&quot;classic_row_gap_tablet&quot;:{&quot;unit&quot;:&quot;px&quot;,&quot;size&quot;:&quot;&quot;,&quot;sizes&quot;:[]},&quot;classic_row_gap_mobile&quot;:{&quot;unit&quot;:&quot;px&quot;,&quot;size&quot;:&quot;&quot;,&quot;sizes&quot;:[]}}\" data-widget_type=\"posts.classic\">\n\t\t\t\t<div class=\"elementor-widget-container\">\n\t\t\t\t\t\t\t<div class=\"elementor-posts-container elementor-posts elementor-posts--skin-classic elementor-grid\" role=\"list\">\n\t\t\t\t<article class=\"elementor-post elementor-grid-item post-130772 post type-post status-publish format-standard has-post-thumbnail hentry category-sin-categoria\" role=\"listitem\">\n\t\t\t\t<a class=\"elementor-post__thumbnail__link\" href=\"https:\/\/letspilates.es\/eus\/feliz-ano-nuevo-2-2\/\" tabindex=\"-1\" >\n\t\t\t<div class=\"elementor-post__thumbnail\"><img decoding=\"async\" width=\"150\" height=\"150\" src=\"https:\/\/letspilates.es\/wp-content\/uploads\/ChatGPT-Image-19-de-dez.-de-2025-08_47_05-150x150.png\" class=\"attachment-thumbnail size-thumbnail wp-image-130789\" alt=\"\" srcset=\"https:\/\/letspilates.es\/wp-content\/uploads\/ChatGPT-Image-19-de-dez.-de-2025-08_47_05-150x150.png 150w, https:\/\/letspilates.es\/wp-content\/uploads\/ChatGPT-Image-19-de-dez.-de-2025-08_47_05-300x300.png 300w, https:\/\/letspilates.es\/wp-content\/uploads\/ChatGPT-Image-19-de-dez.-de-2025-08_47_05-768x768.png 768w, https:\/\/letspilates.es\/wp-content\/uploads\/ChatGPT-Image-19-de-dez.-de-2025-08_47_05-12x12.png 12w, https:\/\/letspilates.es\/wp-content\/uploads\/ChatGPT-Image-19-de-dez.-de-2025-08_47_05.png 1024w\" sizes=\"(max-width: 150px) 100vw, 150px\" \/><\/div>\n\t\t<\/a>\n\t\t\t\t<div class=\"elementor-post__text\">\n\t\t\t\t<h3 class=\"elementor-post__title\">\n\t\t\t<a href=\"https:\/\/letspilates.es\/eus\/feliz-ano-nuevo-2-2\/\" >\n\t\t\t\t\u00a1\u00a1Feliz Navidad y Feliz A\u00f1o Nuevo!!\t\t\t<\/a>\n\t\t<\/h3>\n\t\t\t\t<div class=\"elementor-post__meta-data\">\n\t\t\t\t\t<span class=\"elementor-post-date\">\n\t\t\t9 abendua, 2025\t\t<\/span>\n\t\t\t\t<span class=\"elementor-post-avatar\">\n\t\t\tIruzkinik ez\t\t<\/span>\n\t\t\t\t<\/div>\n\t\t\t\t<div class=\"elementor-post__excerpt\">\n\t\t\t<p>!!Todo el equipo de Let\u00b4s Pilates os desea una Feliz Navidad y todo lo mejor para el pr\u00f3ximo a\u00f1o 2026\u00a1\u00a1<\/p>\n\t\t<\/div>\n\t\t\n\t\t<a class=\"elementor-post__read-more\" href=\"https:\/\/letspilates.es\/eus\/feliz-ano-nuevo-2-2\/\" aria-label=\"Read more about \u00a1\u00a1Feliz Navidad y Feliz A\u00f1o Nuevo!!\" tabindex=\"-1\" >\n\t\t\tLeer m\u00e1s \u00bb\t\t<\/a>\n\n\t\t\t\t<\/div>\n\t\t\t\t<\/article>\n\t\t\t\t<article class=\"elementor-post elementor-grid-item post-130762 post type-post status-publish format-standard has-post-thumbnail hentry category-sin-categoria\" role=\"listitem\">\n\t\t\t\t<a class=\"elementor-post__thumbnail__link\" href=\"https:\/\/letspilates.es\/eus\/feliz-ano-nuevo-2\/\" tabindex=\"-1\" >\n\t\t\t<div class=\"elementor-post__thumbnail\"><img decoding=\"async\" width=\"150\" height=\"150\" src=\"https:\/\/letspilates.es\/wp-content\/uploads\/235-WhatsApp-Image-2025-12-09-at-12.38.50-PM-150x150.jpeg\" class=\"attachment-thumbnail size-thumbnail wp-image-130763\" alt=\"\" \/><\/div>\n\t\t<\/a>\n\t\t\t\t<div class=\"elementor-post__text\">\n\t\t\t\t<h3 class=\"elementor-post__title\">\n\t\t\t<a href=\"https:\/\/letspilates.es\/eus\/feliz-ano-nuevo-2\/\" >\n\t\t\t\t\u00a1\u00a1Feliz Navidad y Feliz A\u00f1o Nuevo!!\t\t\t<\/a>\n\t\t<\/h3>\n\t\t\t\t<div class=\"elementor-post__meta-data\">\n\t\t\t\t\t<span class=\"elementor-post-date\">\n\t\t\t9 abendua, 2025\t\t<\/span>\n\t\t\t\t<span class=\"elementor-post-avatar\">\n\t\t\tIruzkinik ez\t\t<\/span>\n\t\t\t\t<\/div>\n\t\t\t\t<div class=\"elementor-post__excerpt\">\n\t\t\t<p>!!Todo el equipo de Let\u00b4s Pilates os desea Feliz Navidad y todo lo mejor para el pr\u00f3ximo a\u00f1o 2025\u00a1\u00a1<\/p>\n\t\t<\/div>\n\t\t\n\t\t<a class=\"elementor-post__read-more\" href=\"https:\/\/letspilates.es\/eus\/feliz-ano-nuevo-2\/\" aria-label=\"Read more about \u00a1\u00a1Feliz Navidad y Feliz A\u00f1o Nuevo!!\" tabindex=\"-1\" >\n\t\t\tLeer m\u00e1s \u00bb\t\t<\/a>\n\n\t\t\t\t<\/div>\n\t\t\t\t<\/article>\n\t\t\t\t<article class=\"elementor-post elementor-grid-item post-129494 post type-post status-publish format-standard has-post-thumbnail hentry category-sin-categoria\" role=\"listitem\">\n\t\t\t\t<a class=\"elementor-post__thumbnail__link\" href=\"https:\/\/letspilates.es\/eus\/feliz-navidad-3-2\/\" tabindex=\"-1\" >\n\t\t\t<div class=\"elementor-post__thumbnail\"><img decoding=\"async\" width=\"150\" height=\"150\" src=\"https:\/\/letspilates.es\/wp-content\/uploads\/lets-pilates-150x150.png\" class=\"attachment-thumbnail size-thumbnail wp-image-129506\" alt=\"\" srcset=\"https:\/\/letspilates.es\/wp-content\/uploads\/lets-pilates-150x150.png 150w, https:\/\/letspilates.es\/wp-content\/uploads\/lets-pilates-300x300.png 300w, https:\/\/letspilates.es\/wp-content\/uploads\/lets-pilates-1024x1024.png 1024w, https:\/\/letspilates.es\/wp-content\/uploads\/lets-pilates-768x768.png 768w, https:\/\/letspilates.es\/wp-content\/uploads\/lets-pilates.png 1080w\" sizes=\"(max-width: 150px) 100vw, 150px\" \/><\/div>\n\t\t<\/a>\n\t\t\t\t<div class=\"elementor-post__text\">\n\t\t\t\t<h3 class=\"elementor-post__title\">\n\t\t\t<a href=\"https:\/\/letspilates.es\/eus\/feliz-navidad-3-2\/\" >\n\t\t\t\t\u00a1Felices Fiestas!\t\t\t<\/a>\n\t\t<\/h3>\n\t\t\t\t<div class=\"elementor-post__meta-data\">\n\t\t\t\t\t<span class=\"elementor-post-date\">\n\t\t\t22 abendua, 2023\t\t<\/span>\n\t\t\t\t<span class=\"elementor-post-avatar\">\n\t\t\tIruzkinik ez\t\t<\/span>\n\t\t\t\t<\/div>\n\t\t\t\t<div class=\"elementor-post__excerpt\">\n\t\t\t<p>El equipo de Let\u00b4s Pilates os desea una Feliz Navidad y Pr\u00f3spero A\u00f1o 2024!!<\/p>\n\t\t<\/div>\n\t\t\n\t\t<a class=\"elementor-post__read-more\" href=\"https:\/\/letspilates.es\/eus\/feliz-navidad-3-2\/\" aria-label=\"Read more about \u00a1Felices Fiestas!\" tabindex=\"-1\" >\n\t\t\tLeer m\u00e1s \u00bb\t\t<\/a>\n\n\t\t\t\t<\/div>\n\t\t\t\t<\/article>\n\t\t\t\t<article class=\"elementor-post elementor-grid-item post-127064 post type-post status-publish format-standard has-post-thumbnail hentry category-sin-categoria\" role=\"listitem\">\n\t\t\t\t<a class=\"elementor-post__thumbnail__link\" href=\"https:\/\/letspilates.es\/eus\/feliz-ano-nuevo\/\" tabindex=\"-1\" >\n\t\t\t<div class=\"elementor-post__thumbnail\"><img loading=\"lazy\" decoding=\"async\" width=\"150\" height=\"150\" src=\"https:\/\/letspilates.es\/wp-content\/uploads\/IMG_06141-150x150.jpg\" class=\"attachment-thumbnail size-thumbnail wp-image-127050\" alt=\"Feliz Navidad\" \/><\/div>\n\t\t<\/a>\n\t\t\t\t<div class=\"elementor-post__text\">\n\t\t\t\t<h3 class=\"elementor-post__title\">\n\t\t\t<a href=\"https:\/\/letspilates.es\/eus\/feliz-ano-nuevo\/\" >\n\t\t\t\t\u00a1\u00a1Feliz A\u00f1o Nuevo!!\t\t\t<\/a>\n\t\t<\/h3>\n\t\t\t\t<div class=\"elementor-post__meta-data\">\n\t\t\t\t\t<span class=\"elementor-post-date\">\n\t\t\t30 abendua, 2022\t\t<\/span>\n\t\t\t\t<span class=\"elementor-post-avatar\">\n\t\t\tIruzkinik ez\t\t<\/span>\n\t\t\t\t<\/div>\n\t\t\t\t<div class=\"elementor-post__excerpt\">\n\t\t\t<p>!!Todo el equipo de Let\u00b4s Pilates os desea todo lo mejor para el pr\u00f3ximo a\u00f1o 2023\u00a1\u00a1<\/p>\n\t\t<\/div>\n\t\t\n\t\t<a class=\"elementor-post__read-more\" href=\"https:\/\/letspilates.es\/eus\/feliz-ano-nuevo\/\" aria-label=\"Read more about \u00a1\u00a1Feliz A\u00f1o Nuevo!!\" tabindex=\"-1\" >\n\t\t\tLeer m\u00e1s \u00bb\t\t<\/a>\n\n\t\t\t\t<\/div>\n\t\t\t\t<\/article>\n\t\t\t\t<article class=\"elementor-post elementor-grid-item post-127058 post type-post status-publish format-standard has-post-thumbnail hentry category-sin-categoria\" role=\"listitem\">\n\t\t\t\t<a class=\"elementor-post__thumbnail__link\" href=\"https:\/\/letspilates.es\/eus\/feliz-navidad-3\/\" tabindex=\"-1\" >\n\t\t\t<div class=\"elementor-post__thumbnail\"><img loading=\"lazy\" decoding=\"async\" width=\"150\" height=\"150\" src=\"https:\/\/letspilates.es\/wp-content\/uploads\/IMG_06141-150x150.jpg\" class=\"attachment-thumbnail size-thumbnail wp-image-127050\" alt=\"Feliz Navidad\" \/><\/div>\n\t\t<\/a>\n\t\t\t\t<div class=\"elementor-post__text\">\n\t\t\t\t<h3 class=\"elementor-post__title\">\n\t\t\t<a href=\"https:\/\/letspilates.es\/eus\/feliz-navidad-3\/\" >\n\t\t\t\tFeliz Navidad\t\t\t<\/a>\n\t\t<\/h3>\n\t\t\t\t<div class=\"elementor-post__meta-data\">\n\t\t\t\t\t<span class=\"elementor-post-date\">\n\t\t\t23 abendua, 2022\t\t<\/span>\n\t\t\t\t<span class=\"elementor-post-avatar\">\n\t\t\tIruzkinik ez\t\t<\/span>\n\t\t\t\t<\/div>\n\t\t\t\t<div class=\"elementor-post__excerpt\">\n\t\t\t<p>Let\u00b4s Pilates os desea una muy buena Navidad y un feliz a\u00f1o nuevo 2023!<\/p>\n\t\t<\/div>\n\t\t\n\t\t<a class=\"elementor-post__read-more\" href=\"https:\/\/letspilates.es\/eus\/feliz-navidad-3\/\" aria-label=\"Read more about Feliz Navidad\" tabindex=\"-1\" >\n\t\t\tLeer m\u00e1s \u00bb\t\t<\/a>\n\n\t\t\t\t<\/div>\n\t\t\t\t<\/article>\n\t\t\t\t<article class=\"elementor-post elementor-grid-item post-126286 post type-post status-publish format-standard has-post-thumbnail hentry category-sin-categoria\" role=\"listitem\">\n\t\t\t\t<a class=\"elementor-post__thumbnail__link\" href=\"https:\/\/letspilates.es\/eus\/diez-anos-pilatizando-getxo\/\" tabindex=\"-1\" >\n\t\t\t<div class=\"elementor-post__thumbnail\"><img loading=\"lazy\" decoding=\"async\" width=\"150\" height=\"150\" src=\"https:\/\/letspilates.es\/wp-content\/uploads\/10aniversario_35-150x150.jpg\" class=\"attachment-thumbnail size-thumbnail wp-image-126287\" alt=\"\" \/><\/div>\n\t\t<\/a>\n\t\t\t\t<div class=\"elementor-post__text\">\n\t\t\t\t<h3 class=\"elementor-post__title\">\n\t\t\t<a href=\"https:\/\/letspilates.es\/eus\/diez-anos-pilatizando-getxo\/\" >\n\t\t\t\tDiez a\u00f1os Pilatizando Getxo\t\t\t<\/a>\n\t\t<\/h3>\n\t\t\t\t<div class=\"elementor-post__meta-data\">\n\t\t\t\t\t<span class=\"elementor-post-date\">\n\t\t\t28 iraila, 2022\t\t<\/span>\n\t\t\t\t<span class=\"elementor-post-avatar\">\n\t\t\tIruzkinik ez\t\t<\/span>\n\t\t\t\t<\/div>\n\t\t\t\t<div class=\"elementor-post__excerpt\">\n\t\t\t<p>Primero, quiero daros las gracias a todos los que hab\u00e9is hecho posible que cumplamos 10 a\u00f1azos!! Estoy muy contenta y<\/p>\n\t\t<\/div>\n\t\t\n\t\t<a class=\"elementor-post__read-more\" href=\"https:\/\/letspilates.es\/eus\/diez-anos-pilatizando-getxo\/\" aria-label=\"Read more about Diez a\u00f1os Pilatizando Getxo\" tabindex=\"-1\" >\n\t\t\tLeer m\u00e1s \u00bb\t\t<\/a>\n\n\t\t\t\t<\/div>\n\t\t\t\t<\/article>\n\t\t\t\t<article class=\"elementor-post elementor-grid-item post-103907 post type-post status-publish format-standard has-post-thumbnail hentry category-sin-categoria\" role=\"listitem\">\n\t\t\t\t<a class=\"elementor-post__thumbnail__link\" href=\"https:\/\/letspilates.es\/eus\/103907\/\" tabindex=\"-1\" >\n\t\t\t<div class=\"elementor-post__thumbnail\"><img loading=\"lazy\" decoding=\"async\" width=\"150\" height=\"150\" src=\"https:\/\/letspilates.es\/wp-content\/uploads\/Sa6euqwu6SqLp4O0ujH8a-iQwRlkDbcSqcznDMdkLIN_UPwpQ8DD1CQyI2bna1i-Q4855y4b_vGP3zSbJywicsVxpmHLf4FoCz4oKvSXlyEtTgNMD1S1rlucBpfbMM3rYCw3i2Wd9oGmaVVw6VbnkAWjdjhDOHssIWGgAbZpc3Qgr_JPx6gFY81AZfHjsi22_qceyfwd2U_-4-150x150.jpg\" class=\"attachment-thumbnail size-thumbnail wp-image-103913\" alt=\"\" \/><\/div>\n\t\t<\/a>\n\t\t\t\t<div class=\"elementor-post__text\">\n\t\t\t\t<h3 class=\"elementor-post__title\">\n\t\t\t<a href=\"https:\/\/letspilates.es\/eus\/103907\/\" >\n\t\t\t\t\t\t\t<\/a>\n\t\t<\/h3>\n\t\t\t\t<div class=\"elementor-post__meta-data\">\n\t\t\t\t\t<span class=\"elementor-post-date\">\n\t\t\t29 abendua, 2020\t\t<\/span>\n\t\t\t\t<span class=\"elementor-post-avatar\">\n\t\t\tIruzkinik ez\t\t<\/span>\n\t\t\t\t<\/div>\n\t\t\t\t<div class=\"elementor-post__excerpt\">\n\t\t\t<p>Despu\u00e9s de un a\u00f1o lleno de dificultades, celebramos con especial alegr\u00eda y optimismo\u00a0 la llegada de este nuevo a\u00f1o 2021.<\/p>\n\t\t<\/div>\n\t\t\n\t\t<a class=\"elementor-post__read-more\" href=\"https:\/\/letspilates.es\/eus\/103907\/\" aria-label=\"Read more about \" tabindex=\"-1\" >\n\t\t\tLeer m\u00e1s \u00bb\t\t<\/a>\n\n\t\t\t\t<\/div>\n\t\t\t\t<\/article>\n\t\t\t\t<article class=\"elementor-post elementor-grid-item post-101649 post type-post status-publish format-standard has-post-thumbnail hentry category-noticias category-sin-categoria\" role=\"listitem\">\n\t\t\t\t<a class=\"elementor-post__thumbnail__link\" href=\"https:\/\/letspilates.es\/eus\/101649\/\" tabindex=\"-1\" >\n\t\t\t<div class=\"elementor-post__thumbnail\"><img loading=\"lazy\" decoding=\"async\" width=\"150\" height=\"150\" src=\"https:\/\/letspilates.es\/wp-content\/uploads\/navidadanamaia2021-150x150.jpg\" class=\"attachment-thumbnail size-thumbnail wp-image-101650\" alt=\"\" \/><\/div>\n\t\t<\/a>\n\t\t\t\t<div class=\"elementor-post__text\">\n\t\t\t\t<h3 class=\"elementor-post__title\">\n\t\t\t<a href=\"https:\/\/letspilates.es\/eus\/101649\/\" >\n\t\t\t\t\t\t\t<\/a>\n\t\t<\/h3>\n\t\t\t\t<div class=\"elementor-post__meta-data\">\n\t\t\t\t\t<span class=\"elementor-post-date\">\n\t\t\t23 abendua, 2020\t\t<\/span>\n\t\t\t\t<span class=\"elementor-post-avatar\">\n\t\t\tIruzkinik ez\t\t<\/span>\n\t\t\t\t<\/div>\n\t\t\t\t<div class=\"elementor-post__excerpt\">\n\t\t\t<p>Este a\u00f1o tan dif\u00edcil y lleno de incertidumbre, Amaia y yo\u00a0 queremos daros las gracias por vuestra confianza y buena<\/p>\n\t\t<\/div>\n\t\t\n\t\t<a class=\"elementor-post__read-more\" href=\"https:\/\/letspilates.es\/eus\/101649\/\" aria-label=\"Read more about \" tabindex=\"-1\" >\n\t\t\tLeer m\u00e1s \u00bb\t\t<\/a>\n\n\t\t\t\t<\/div>\n\t\t\t\t<\/article>\n\t\t\t\t<article class=\"elementor-post elementor-grid-item post-76173 post type-post status-publish format-standard has-post-thumbnail hentry category-sin-categoria\" role=\"listitem\">\n\t\t\t\t<a class=\"elementor-post__thumbnail__link\" href=\"https:\/\/letspilates.es\/eus\/os-deseamos-una-muy\/\" tabindex=\"-1\" >\n\t\t\t<div class=\"elementor-post__thumbnail\"><img loading=\"lazy\" decoding=\"async\" width=\"150\" height=\"150\" src=\"https:\/\/letspilates.es\/wp-content\/uploads\/IMG-3450-1-150x150.jpg\" class=\"attachment-thumbnail size-thumbnail wp-image-76174\" alt=\"\" \/><\/div>\n\t\t<\/a>\n\t\t\t\t<div class=\"elementor-post__text\">\n\t\t\t\t<h3 class=\"elementor-post__title\">\n\t\t\t<a href=\"https:\/\/letspilates.es\/eus\/os-deseamos-una-muy\/\" >\n\t\t\t\tOs deseamos una muy&#8230;\t\t\t<\/a>\n\t\t<\/h3>\n\t\t\t\t<div class=\"elementor-post__meta-data\">\n\t\t\t\t\t<span class=\"elementor-post-date\">\n\t\t\t20 abendua, 2019\t\t<\/span>\n\t\t\t\t<span class=\"elementor-post-avatar\">\n\t\t\tIruzkinik ez\t\t<\/span>\n\t\t\t\t<\/div>\n\t\t\t\t<div class=\"elementor-post__excerpt\">\n\t\t\t<p>&nbsp; &nbsp;<\/p>\n\t\t<\/div>\n\t\t\n\t\t<a class=\"elementor-post__read-more\" href=\"https:\/\/letspilates.es\/eus\/os-deseamos-una-muy\/\" aria-label=\"Read more about Os deseamos una muy&#8230;\" tabindex=\"-1\" >\n\t\t\tLeer m\u00e1s \u00bb\t\t<\/a>\n\n\t\t\t\t<\/div>\n\t\t\t\t<\/article>\n\t\t\t\t<article class=\"elementor-post elementor-grid-item post-4464 post type-post status-publish format-standard has-post-thumbnail hentry category-noticias category-sin-categoria\" role=\"listitem\">\n\t\t\t\t<a class=\"elementor-post__thumbnail__link\" href=\"https:\/\/letspilates.es\/eus\/bonos-de-salud\/\" tabindex=\"-1\" >\n\t\t\t<div class=\"elementor-post__thumbnail\"><img loading=\"lazy\" decoding=\"async\" width=\"150\" height=\"150\" src=\"https:\/\/letspilates.es\/wp-content\/uploads\/tarjeton-2014-150x150.png\" class=\"attachment-thumbnail size-thumbnail wp-image-419\" alt=\"\" \/><\/div>\n\t\t<\/a>\n\t\t\t\t<div class=\"elementor-post__text\">\n\t\t\t\t<h3 class=\"elementor-post__title\">\n\t\t\t<a href=\"https:\/\/letspilates.es\/eus\/bonos-de-salud\/\" >\n\t\t\t\tBonos de salud\t\t\t<\/a>\n\t\t<\/h3>\n\t\t\t\t<div class=\"elementor-post__meta-data\">\n\t\t\t\t\t<span class=\"elementor-post-date\">\n\t\t\t18 abendua, 2019\t\t<\/span>\n\t\t\t\t<span class=\"elementor-post-avatar\">\n\t\t\tIruzkinik ez\t\t<\/span>\n\t\t\t\t<\/div>\n\t\t\t\t<div class=\"elementor-post__excerpt\">\n\t\t\t<p>Estas Navidades regala Pilates, Regala Salud. \u00a0 \u00a0 \u00a0 \u00a0 \u00a0 La salud es el primer requisito para la Felicidad.<\/p>\n\t\t<\/div>\n\t\t\n\t\t<a class=\"elementor-post__read-more\" href=\"https:\/\/letspilates.es\/eus\/bonos-de-salud\/\" aria-label=\"Read more about Bonos de salud\" tabindex=\"-1\" >\n\t\t\tLeer m\u00e1s \u00bb\t\t<\/a>\n\n\t\t\t\t<\/div>\n\t\t\t\t<\/article>\n\t\t\t\t<\/div>\n\t\t\n\t\t\t\t<div class=\"e-load-more-anchor\" data-page=\"1\" data-max-page=\"4\" data-next-page=\"https:\/\/letspilates.es\/eus\/wp-json\/wp\/v2\/pages\/127053\/page\/2\/\"><\/div>\n\t\t\t\t<nav class=\"elementor-pagination\" aria-label=\"Pagination\">\n\t\t\t<span aria-current=\"page\" class=\"page-numbers current\"><span class=\"elementor-screen-only\">Page<\/span>1<\/span>\n<a class=\"page-numbers\" href=\"https:\/\/letspilates.es\/eus\/wp-json\/wp\/v2\/pages\/127053\/page\/2\/\"><span class=\"elementor-screen-only\">Page<\/span>2<\/a>\n<a class=\"page-numbers\" href=\"https:\/\/letspilates.es\/eus\/wp-json\/wp\/v2\/pages\/127053\/page\/3\/\"><span class=\"elementor-screen-only\">Page<\/span>3<\/a>\n<a class=\"page-numbers\" href=\"https:\/\/letspilates.es\/eus\/wp-json\/wp\/v2\/pages\/127053\/page\/4\/\"><span class=\"elementor-screen-only\">Page<\/span>4<\/a>\t\t<\/nav>\n\t\t\t\t\t\t<\/div>\n\t\t\t\t<\/div>\n\t\t\t\t\t<\/div>\n\t\t\t\t<\/div>\n\t\t\t\t<\/div>","protected":false},"excerpt":{"rendered":"<p>Albisteak<\/p>","protected":false},"author":1040,"featured_media":0,"parent":0,"menu_order":0,"comment_status":"closed","ping_status":"closed","template":"","meta":{"footnotes":""},"class_list":["post-127053","page","type-page","status-publish","hentry"],"yoast_head":"<!-- This site is optimized with the Yoast SEO plugin v27.5 - https:\/\/yoast.com\/product\/yoast-seo-wordpress\/ -->\n<title>Entradas - Let&#039;s Pilates Getxo - Lets Pilates Bilbao<\/title>\n<meta name=\"robots\" content=\"index, follow, max-snippet:-1, max-image-preview:large, max-video-preview:-1\" \/>\n<link rel=\"canonical\" href=\"https:\/\/letspilates.es\/eus\/entradas\/\" \/>\n<meta property=\"og:locale\" content=\"en_US\" \/>\n<meta property=\"og:type\" content=\"article\" \/>\n<meta property=\"og:title\" content=\"Entradas - Let&#039;s Pilates Getxo - Lets Pilates Bilbao\" \/>\n<meta property=\"og:description\" content=\"Noticias\" \/>\n<meta property=\"og:url\" content=\"https:\/\/letspilates.es\/eus\/entradas\/\" \/>\n<meta property=\"og:site_name\" content=\"Let&#039;s Pilates Getxo - Lets Pilates Bilbao\" \/>\n<meta property=\"article:modified_time\" content=\"2024-06-06T15:31:10+00:00\" \/>\n<meta name=\"twitter:card\" content=\"summary_large_image\" \/>\n<script type=\"application\/ld+json\" class=\"yoast-schema-graph\">{\"@context\":\"https:\\\/\\\/schema.org\",\"@graph\":[{\"@type\":\"WebPage\",\"@id\":\"https:\\\/\\\/letspilates.es\\\/entradas\\\/\",\"url\":\"https:\\\/\\\/letspilates.es\\\/entradas\\\/\",\"name\":\"Entradas - Let&#039;s Pilates Getxo - Lets Pilates Bilbao\",\"isPartOf\":{\"@id\":\"https:\\\/\\\/letspilates.es\\\/#website\"},\"datePublished\":\"2022-12-23T09:36:52+00:00\",\"dateModified\":\"2024-06-06T15:31:10+00:00\",\"breadcrumb\":{\"@id\":\"https:\\\/\\\/letspilates.es\\\/entradas\\\/#breadcrumb\"},\"inLanguage\":\"eu\",\"potentialAction\":[{\"@type\":\"ReadAction\",\"target\":[\"https:\\\/\\\/letspilates.es\\\/entradas\\\/\"]}]},{\"@type\":\"BreadcrumbList\",\"@id\":\"https:\\\/\\\/letspilates.es\\\/entradas\\\/#breadcrumb\",\"itemListElement\":[{\"@type\":\"ListItem\",\"position\":1,\"name\":\"Portada\",\"item\":\"https:\\\/\\\/letspilates.es\\\/\"},{\"@type\":\"ListItem\",\"position\":2,\"name\":\"Entradas\"}]},{\"@type\":\"WebSite\",\"@id\":\"https:\\\/\\\/letspilates.es\\\/#website\",\"url\":\"https:\\\/\\\/letspilates.es\\\/\",\"name\":\"Let&#039;s Pilates Getxo - Lets Pilates Bilbao\",\"description\":\"El aut\u00e9ntico m\u00e9todo pilates\",\"potentialAction\":[{\"@type\":\"SearchAction\",\"target\":{\"@type\":\"EntryPoint\",\"urlTemplate\":\"https:\\\/\\\/letspilates.es\\\/?s={search_term_string}\"},\"query-input\":{\"@type\":\"PropertyValueSpecification\",\"valueRequired\":true,\"valueName\":\"search_term_string\"}}],\"inLanguage\":\"eu\"}]}<\/script>\n<!-- \/ Yoast SEO plugin. -->","yoast_head_json":{"title":"Entradas - Let&#039;s Pilates Getxo - Lets Pilates Bilbao","robots":{"index":"index","follow":"follow","max-snippet":"max-snippet:-1","max-image-preview":"max-image-preview:large","max-video-preview":"max-video-preview:-1"},"canonical":"https:\/\/letspilates.es\/eus\/entradas\/","og_locale":"en_US","og_type":"article","og_title":"Entradas - Let&#039;s Pilates Getxo - Lets Pilates Bilbao","og_description":"Noticias","og_url":"https:\/\/letspilates.es\/eus\/entradas\/","og_site_name":"Let&#039;s Pilates Getxo - Lets Pilates Bilbao","article_modified_time":"2024-06-06T15:31:10+00:00","twitter_card":"summary_large_image","schema":{"@context":"https:\/\/schema.org","@graph":[{"@type":"WebPage","@id":"https:\/\/letspilates.es\/entradas\/","url":"https:\/\/letspilates.es\/entradas\/","name":"Entradas - Let&#039;s Pilates Getxo - Lets Pilates Bilbao","isPartOf":{"@id":"https:\/\/letspilates.es\/#website"},"datePublished":"2022-12-23T09:36:52+00:00","dateModified":"2024-06-06T15:31:10+00:00","breadcrumb":{"@id":"https:\/\/letspilates.es\/entradas\/#breadcrumb"},"inLanguage":"eu","potentialAction":[{"@type":"ReadAction","target":["https:\/\/letspilates.es\/entradas\/"]}]},{"@type":"BreadcrumbList","@id":"https:\/\/letspilates.es\/entradas\/#breadcrumb","itemListElement":[{"@type":"ListItem","position":1,"name":"Portada","item":"https:\/\/letspilates.es\/"},{"@type":"ListItem","position":2,"name":"Entradas"}]},{"@type":"WebSite","@id":"https:\/\/letspilates.es\/#website","url":"https:\/\/letspilates.es\/","name":"Let&#039;s Pilates Getxo - Lets Pilates Bilbao","description":"El aut\u00e9ntico m\u00e9todo pilates","potentialAction":[{"@type":"SearchAction","target":{"@type":"EntryPoint","urlTemplate":"https:\/\/letspilates.es\/?s={search_term_string}"},"query-input":{"@type":"PropertyValueSpecification","valueRequired":true,"valueName":"search_term_string"}}],"inLanguage":"eu"}]}},"_links":{"self":[{"href":"https:\/\/letspilates.es\/eus\/wp-json\/wp\/v2\/pages\/127053","targetHints":{"allow":["GET"]}}],"collection":[{"href":"https:\/\/letspilates.es\/eus\/wp-json\/wp\/v2\/pages"}],"about":[{"href":"https:\/\/letspilates.es\/eus\/wp-json\/wp\/v2\/types\/page"}],"author":[{"embeddable":true,"href":"https:\/\/letspilates.es\/eus\/wp-json\/wp\/v2\/users\/1040"}],"replies":[{"embeddable":true,"href":"https:\/\/letspilates.es\/eus\/wp-json\/wp\/v2\/comments?post=127053"}],"version-history":[{"count":43,"href":"https:\/\/letspilates.es\/eus\/wp-json\/wp\/v2\/pages\/127053\/revisions"}],"predecessor-version":[{"id":130543,"href":"https:\/\/letspilates.es\/eus\/wp-json\/wp\/v2\/pages\/127053\/revisions\/130543"}],"wp:attachment":[{"href":"https:\/\/letspilates.es\/eus\/wp-json\/wp\/v2\/media?parent=127053"}],"curies":[{"name":"wp","href":"https:\/\/api.w.org\/{rel}","templated":true}]}}